{"id":155,"date":"2018-08-27T09:13:46","date_gmt":"2018-08-27T07:13:46","guid":{"rendered":"http:\/\/reiki.one\/?page_id=155"},"modified":"2024-09-18T16:24:28","modified_gmt":"2024-09-18T14:24:28","slug":"formations","status":"publish","type":"page","link":"http:\/\/reiki.one\/?page_id=155","title":{"rendered":"Formations"},"content":{"rendered":"<div class=\"row\">\n<div class=\"component \">\n<div class=\"self text textnormal\">\n<div class=\"row\">\n<div class=\"extra\">\n<div class=\"component \">\n<div class=\"self text textnormal\">\n<h2 style=\"text-align: center;\">Formations en Reiki traditionnel<\/h2>\n<p style=\"text-align: center;\"><strong>Enseignant reconnu par le Collectif Reiki Shoshin<\/strong><\/p>\n<p style=\"text-align: center;\"><a href=\"http:\/\/reiki.one\/?page_id=1229\" target=\"_blank\" rel=\"noopener noreferrer\"><img loading=\"lazy\" decoding=\"async\" class=\"alignnone wp-image-1320\" src=\"http:\/\/reiki.one\/wp-content\/uploads\/2024\/09\/Logo-Collectif-Shoshin-horizontal-fond-transparent-300x125.png\" alt=\"\" width=\"144\" height=\"60\" srcset=\"http:\/\/reiki.one\/wp-content\/uploads\/2024\/09\/Logo-Collectif-Shoshin-horizontal-fond-transparent-300x125.png 300w, http:\/\/reiki.one\/wp-content\/uploads\/2024\/09\/Logo-Collectif-Shoshin-horizontal-fond-transparent-1024x427.png 1024w, http:\/\/reiki.one\/wp-content\/uploads\/2024\/09\/Logo-Collectif-Shoshin-horizontal-fond-transparent-768x320.png 768w, http:\/\/reiki.one\/wp-content\/uploads\/2024\/09\/Logo-Collectif-Shoshin-horizontal-fond-transparent-1536x641.png 1536w, http:\/\/reiki.one\/wp-content\/uploads\/2024\/09\/Logo-Collectif-Shoshin-horizontal-fond-transparent-2048x854.png 2048w\" sizes=\"(max-width: 144px) 100vw, 144px\" \/><\/a><\/p>\n<p style=\"text-align: center;\"><strong>Un certificat est d\u00e9livr\u00e9 apr\u00e8s chaque degr\u00e9 attestant du training dans la lign\u00e9e Usui Reiki Ryoho.<\/strong><br \/>\n<strong>Les formations sont accompagn\u00e9es d&rsquo;un manuel complet.<\/strong><\/p>\n<p style=\"text-align: center;\"><a href=\"http:\/\/reiki.one\/?page_id=341\"><strong>L&rsquo;agenda des formations est ici<\/strong><\/a><\/p>\n<\/div>\n<\/div>\n<\/div>\n<\/div>\n<div class=\"row\">\n<div class=\"extra\">\n<div class=\"component \">\n<div class=\"self text textnormal\">\n<hr \/>\n<p>Tout le monde peut apprendre le Reiki. Il n&rsquo;est besoin d&rsquo;aucun don ni de savoir pr\u00e9alable. Il faut juste en avoir l&rsquo;envie et la motivation juste.<\/p>\n<\/div>\n<\/div>\n<\/div>\n<\/div>\n<div class=\"row\">\n<div class=\"extra\">\n<div class=\"component \">\n<div class=\"self text textnormal\">\n<p>Apprendre le Reiki est une d\u00e9marche qui vous permettra de prendre votre sant\u00e9 globale en main. Il vous rendra plus responsable et libre.<\/p>\n<p>Bien que le Reiki trouve ses origines dans le Bouddhisme, il a \u00e9t\u00e9 con\u00e7u par Mikao Usui afin que tout le monde puisse le pratiquer. Son apprentissage est simple et rapide.<\/p>\n<p>Nos formations\u00a0se basent sur le Reiki traditionnel japonais tel qu&rsquo;il \u00e9tait enseign\u00e9 par son fondateur Mikao Usui et dont la d\u00e9nomination compl\u00e8te est Usui Reiki Ryoho.<\/p>\n<\/div>\n<\/div>\n<\/div>\n<\/div>\n<div class=\"row\">\n<div class=\"extra\">\n<div class=\"component \">\n<div class=\"self text textnormal\">\n<p>Il existe trois niveaux dans l&rsquo;enseignement du Reiki traditionnel. Celui-ci comporte des reijus, appel\u00e9s aussi harmonisations ou initiations (dans un sens de \u00ab\u00a0commencement, mise sur la voie\u00a0\u00bb), transmis par un enseignant ayant lui-m\u00eame re\u00e7u les trois niveaux suivant une lign\u00e9e remontant \u00e0 Mikao Usui.<\/p>\n<p>Afin de privil\u00e9gier les \u00e9changes et les pratiques n\u00e9cessaires \u00e0 l&rsquo;enseignement du Reiki, les formations se d\u00e9roulent sur deux journ\u00e9es cons\u00e9cutives en petits groupes de maximum 8 personnes, permettant ainsi une meilleure int\u00e9gration.<\/p>\n<p>Un certificat est d\u00e9livr\u00e9 apr\u00e8s chaque degr\u00e9 attestant du training dans la lign\u00e9e Usui Reiki Ryoho.<br \/>\nLes formations sont accompagn\u00e9es d&rsquo;un manuel complet.<\/p>\n<\/div>\n<\/div>\n<\/div>\n<\/div>\n<div class=\"row\">\n<div class=\"extra\">\n<div class=\"component \">\n<div class=\"self text textnormal\">\n<p>Des demi-journ\u00e9es de rencontre entre praticiens Reiki sont organis\u00e9es r\u00e9guli\u00e8rement afin de pouvoir partager nos exp\u00e9riences et pratiquer ensemble.<\/p>\n<p><em>Le Reiki \u00e0 vis\u00e9e de bien-\u00eatre contribue \u00e0 la pr\u00e9vention des risques de sant\u00e9 mais ne se substitue en rien \u00e0 la M\u00e9decine ni n&rsquo;interf\u00e8re avec celle-ci d&rsquo;aucune fa\u00e7on. Le Reiki ne se substitue \u00e0 aucun traitement m\u00e9dical, mais peut par contre en renforcer les effets ou aider \u00e0 mieux les tol\u00e9rer.<\/em><\/p>\n<\/div>\n<\/div>\n<\/div>\n<\/div>\n<h2>Formations au premier degr\u00e9 &#8211; Shoden<\/h2>\n<p>Le premier niveau est accessible \u00e0 toutes et tous. Il n&rsquo;est besoin d&rsquo;aucun don ni de savoir pr\u00e9alable.<br \/>\nCe niveau comporte quatre initiations (reiju) qui permettent la pratique des soins sur soi-m\u00eame et sur les autres.<\/p>\n<p>Cette formation est transmise en deux journ\u00e9es cons\u00e9cutives en petit groupe de maximum 8 personnes.<\/p>\n<p>La formation est accompagn\u00e9e d&rsquo;un manuel complet.<br \/>\nUn certificat est d\u00e9livr\u00e9 apr\u00e8s chaque degr\u00e9 attestant du training dans la lign\u00e9e Usui Reiki Ryoho.<\/p>\n<p>Les points principaux de la formation au 1\u00b0 degr\u00e9 (Shoden) sont les suivants :<\/p>\n<p>\u2022 pr\u00e9sentation du groupe<br \/>\n\u2022 contrat de groupe (ce qui se dit de personnel dans le groupe y reste)<br \/>\n\u2022 d\u00e9ontologie (demande de respect d\u2019un code d\u00e9ontologique dans la pratique du Reiki)<br \/>\n\u2022 le Reiki \u2013 ce que c\u2019est, ce que ce n\u2019est pas&#8230;<br \/>\n\u2022 les 5 pr\u00e9ceptes du Reiki<br \/>\n\u2022 reiju &#8211; initiations<br \/>\n\u2022 les applications du Reiki<br \/>\n\u2022 \u00e9nergie et tandens<br \/>\n\u2022 la m\u00e9ditation<br \/>\n\u2022 les positions d\u2019auto-traitement<br \/>\n\u2022 la pratique sur les autres<br \/>\n\u2022 exercices<br \/>\n\u2022 \u00e9change, questions-r\u00e9ponses<\/p>\n<p>L\u2019horaire est de 9h \u00e0 18h sur deux jours.<\/p>\n<p>La participation est de 180\u20ac.<\/p>\n<\/div>\n<\/div>\n<\/div>\n<div class=\"row\">\n<div class=\"extra\">\n<div class=\"component \">\n<div class=\"self text textnormal\">\n<h2>Formation au deuxi\u00e8me degr\u00e9 &#8211; Okuden<\/h2>\n<p>Pour \u00eatre initi\u00e9 au deuxi\u00e8me degr\u00e9, il est n\u00e9cessaire d\u2019attendre au moins 3 mois apr\u00e8s la formation au 1\u00b0degr\u00e9 et d\u2019avoir pratiqu\u00e9 celui-ci avec justesse.<\/p>\n<p>La formation Okuden consiste essentiellement \u00e0 faire b\u00e9n\u00e9ficier de la connexion aux 3 symboles de ce niveau. Cette formation renforce celle du premier degr\u00e9 et augmente la capacit\u00e9 \u00e0 canaliser le Reiki.<\/p>\n<p>Elle est transmise en deux journ\u00e9es cons\u00e9cutives en petit groupe de maximum 8 personnes.<\/p>\n<p>La formation est accompagn\u00e9e d&rsquo;un manuel complet.<\/p>\n<p>Les points principaux de la formation au 2\u00b0 degr\u00e9 (Okuden) sont les suivants :<\/p>\n<p>\u2022 pr\u00e9sentation du groupe<br \/>\n\u2022 contrat de groupe (ce qui se dit de personnel dans le groupe y reste)<br \/>\n\u2022 d\u00e9ontologie (demande de respect d\u2019un code d\u00e9ontologique dans la pratique du Reiki)<br \/>\n\u2022 les apports sp\u00e9cifiques du 2\u00b0 degr\u00e9, dont les 3 symboles<br \/>\n\u2022 la philosophie sous-tendant la pratique du 2\u00b0 degr\u00e9<br \/>\n\u2022 m\u00e9ditations et initiations<br \/>\n\u2022 explications des 3 symboles et pratique de ces symboles<br \/>\n\u2022 techniques sp\u00e9cifiques<br \/>\n\u2022 reiju &#8211; initiations<br \/>\n\u2022 exercices<br \/>\n\u2022 \u00e9change, questions-r\u00e9ponses<\/p>\n<p>L\u2019horaire est de 9h \u00e0 18h sur deux jours.<\/p>\n<p>La participation est de 210\u20ac.<\/p>\n<\/div>\n<\/div>\n<\/div>\n<\/div>\n<div class=\"row\">\n<div class=\"extra\">\n<div class=\"component \">\n<div class=\"self text textnormal\">\n<h2>Module des techniques traditionnelles compl\u00e9mentaires<\/h2>\n<p>Les techniques traditionnelles compl\u00e9mentaires ont \u00e9t\u00e9 pr\u00e9sent\u00e9es en 1999 lors du premier rassemblement international de praticiens Reiki par Hiroshi Do\u00ef, membre de l\u2019Usui Reiki Ryoho Gakkai. Elles sont donc apparues tr\u00e8s r\u00e9cemment en occident.<\/p>\n<p>Elles font partie int\u00e9grante de l\u2019enseignement originel de Mikao Usui.<\/p>\n<p>Il est important que les deux premiers niveaux soient int\u00e9gr\u00e9s avant de passer \u00e0 ces techniques et leurs d\u00e9dier deux journ\u00e9es compl\u00e8tes afin de bien les expliquer, red\u00e9finir le contexte de leur utilisation et surtout de les pratiquer ensemble.<\/p>\n<p>Cette formation est accessible aux personnes ayant suivi le deuxi\u00e8me niveau depuis minimum trois mois.<\/p>\n<p>Elle est transmise en deux journ\u00e9es cons\u00e9cutives en petit groupe de maximum 8 personnes.<\/p>\n<p>La formation est accompagn\u00e9e d&rsquo;un manuel complet.<\/p>\n<p>L\u2019horaire est de 9h \u00e0 18h sur deux jours.<\/p>\n<p>La participation est de 210\u20ac.<\/p>\n<h2>Formations au troisi\u00e8me degr\u00e9 \u2013 Shinpiden<\/h2>\n<p>Pour devenir enseignant de Reiki, il est n\u00e9cessaire d\u2019avoir re\u00e7u les niveaux 1 et 2 ainsi que le module des techniques traditionnelles compl\u00e9mentaires ainsi que de pratiquer de fa\u00e7on r\u00e9guli\u00e8re (et d\u2019attendre au moins 6 mois apr\u00e8s la formation au 2\u00b0 degr\u00e9).<\/p>\n<p>Le troisi\u00e8me niveau s\u2019adresse \u00e0 celles et ceux qui souhaitent enseigner cette technique et transmettre les initiations (reiju) ou simplement aller au bout du cycle. Cette formation est transmise en 2 jours cons\u00e9cutifs.<\/p>\n<p>La formation est accompagn\u00e9e d\u2019un manuel complet.<\/p>\n<p>Les points principaux de la formation au 3\u00b0 degr\u00e9 (Shinpiden) sont les suivants :<\/p>\n<p>\u2022 pr\u00e9sentation du groupe<br \/>\n\u2022 contrat de groupe (ce qui se dit de personnel dans le groupe y reste)<br \/>\n\u2022 d\u00e9ontologie (demande de respect d\u2019un code d\u00e9ontologique dans la pratique du Reiki)<br \/>\n\u2022 les cinq pr\u00e9ceptes d\u2019Usui (tir\u00e9s de ses enseignements spirituels)<br \/>\n\u2022 symbole 4<br \/>\n\u2022 l&rsquo;apprentissage des reijus (initiations) des 3 niveaux<br \/>\n\u2022 techniques Shinpiden<br \/>\n\u2022 l\u2019enseignement<br \/>\n\u2022 installer votre pratique Reiki<br \/>\n\u2022 m\u00e9ditations<br \/>\n\u2022 exercices<br \/>\n\u2022 \u00e9change, questions-r\u00e9ponses<\/p>\n<p>L\u2019horaire est de 9h \u00e0 18h sur deux jours.<\/p>\n<p>La participation est de 500\u20ac.<\/p>\n<p>Pour recevoir la formation au 3\u00b0 degr\u00e9, il est n\u00e9cessaire d\u2019avoir une pratique juste du Reiki aux niveaux 1 et 2 ainsi qu&rsquo;aux techniques traditionnelles compl\u00e9mentaires.<\/p>\n<p>Je me r\u00e9serve le droit d\u2019accepter ou de refuser une candidature dont les motivations ne me sembleraient pas correspondre \u00e0 l\u2019esprit de la m\u00e9thode Reiki.<\/p>\n<p>Vous pouvez trouver les CGV ici : <a href=\"http:\/\/reiki.one\/?page_id=1164\" target=\"_blank\" rel=\"noopener\">CGC &#8211; Conditions g\u00e9n\u00e9rales de Vente<\/a><\/p>\n<\/div>\n<\/div>\n<\/div>\n<\/div>\n<hr \/>\n<p><span style=\"color: #ffffff;\">Keywords\u00a0location\u00a0:<\/span><\/p>\n<p><span style=\"color: #ffffff;\">France Dieppe Normandie Seine-Maritime Rouen Seine Maritime Amiens Honfleur Le Havre Dieppe Rouen Calvados 14 Eure 27 Manche 50 Orne 61 Seine-Maritime 76 Paris r\u00e9gion parisienne Beauvais Le Tr\u00e9port Abbeville\u00a0 Caen Evreux\u00a0 Calais Dunkerque<br \/>\nMa\u00eetre Reiki \u00ab\u00a0Ma\u00eetre Reiki\u00a0\u00bb Formation reiki Formations reiki \u00ab\u00a0Formation reiki\u00a0\u00bb \u00ab\u00a0Formations reiki\u00a0\u00bb stage reiki initiation reiki initiations reiki stages reiki cours reiki harmonisation reiju soins reiki s\u00e9ances reiki dipl\u00f4me certification formation certifiante formations certifiantes\u00a0 atelier Reiki\u00a0 ateliers reiki \u00ab\u00a0atelier reiki\u00a0\u00bb\u00a0<\/span><\/p>\n","protected":false},"excerpt":{"rendered":"<p>Formations en Reiki traditionnel Enseignant reconnu par le Collectif Reiki Shoshin Un certificat est d\u00e9livr\u00e9 apr\u00e8s chaque degr\u00e9 attestant du training dans la lign\u00e9e Usui Reiki Ryoho. Les formations sont accompagn\u00e9es d&rsquo;un manuel complet. L&rsquo;agenda des formations est ici Tout le monde peut apprendre le Reiki. Il n&rsquo;est besoin d&rsquo;aucun don ni de savoir pr\u00e9alable. [&hellip;]<\/p>\n","protected":false},"author":1,"featured_media":0,"parent":0,"menu_order":0,"comment_status":"closed","ping_status":"closed","template":"","meta":{"footnotes":""},"_links":{"self":[{"href":"http:\/\/reiki.one\/index.php?rest_route=\/wp\/v2\/pages\/155"}],"collection":[{"href":"http:\/\/reiki.one\/index.php?rest_route=\/wp\/v2\/pages"}],"about":[{"href":"http:\/\/reiki.one\/index.php?rest_route=\/wp\/v2\/types\/page"}],"author":[{"embeddable":true,"href":"http:\/\/reiki.one\/index.php?rest_route=\/wp\/v2\/users\/1"}],"replies":[{"embeddable":true,"href":"http:\/\/reiki.one\/index.php?rest_route=%2Fwp%2Fv2%2Fcomments&post=155"}],"version-history":[{"count":42,"href":"http:\/\/reiki.one\/index.php?rest_route=\/wp\/v2\/pages\/155\/revisions"}],"predecessor-version":[{"id":1359,"href":"http:\/\/reiki.one\/index.php?rest_route=\/wp\/v2\/pages\/155\/revisions\/1359"}],"wp:attachment":[{"href":"http:\/\/reiki.one\/index.php?rest_route=%2Fwp%2Fv2%2Fmedia&parent=155"}],"curies":[{"name":"wp","href":"https:\/\/api.w.org\/{rel}","templated":true}]}}